 83341867?
7
What is the ten thousands digit of 3125609815?
0
What is the hundreds digit of 2746423268?
2
What is the millions digit of 1366963520?
6
What is the millions digit of 3876010?
3
What is the thousands digit of 1236796822?
6
What is the tens digit of 160547567?
6
What is the ten thousands digit of 2840669488?
6
What is the millions digit of 13358760?
3
What is the millions digit of 43637420?
3
What is the hundreds digit of 1645132366?
3
What is the ten thousands digit of 429917285?
1
What is the millions digit of 37598520?
7
What is the ten thousands digit of 271883378?
8
What is the hundred thousands digit of 881521484?
5
What is the billions digit of 4421603653?
4
What is the hundred thousands digit of 677240407?
2
What is the ten thousands digit of 298109271?
0
What is the ten millions digit of 13841792?
1
What is the units digit of 221274578?
8
What is the thousands digit of 172539070?
9
What is the millions digit of 163032906?
3
What is the units digit of 32389214?
4
What is the ten millions digit of 100769493?
0
What is the ten thousands digit of 2653065659?
6
What is the hundreds digit of 2123444439?
4
What is the hundreds digit of 926388478?
4
What is the tens digit of 5255412737?
3
What is the units digit of 95966439?
9
What is the tens digit of 3521157673?
7
What is the units digit of 73919098?
8
What is the hundred millions digit of 652219656?
6
What is the hundreds digit of 2705281124?
1
What is the hundred millions digit of 218973355?
2
What is the units digit of 9031608?
8
What is the tens digit of 127745650?
5
What is the ten millions digit of 1024791835?
2
What is the ten millions digit of 62207937?
6
What is the ten thousands digit of 253453121?
5
What is the ten thousands digit of 25264746?
6
What is the units digit of 847335206?
6
What is the hundred millions digit of 168149985?
1
What is the units digit of 12333927?
7
What is the ten thousands digit of 716725299?
2
What is the ten thousands digit of 644759082?
5
What is the hundred thousands digit of 313266300?
2
What is the hundred millions digit of 545258402?
5
What is the billions digit of 2122331408?
2
What is the millions digit of 24776252?
4
What is the units digit of 71459230?
0
What is the ten millions digit of 203668046?
0
What is the millions digit of 5105795978?
5
What is the billions digit of 1062736132?
1
What is the tens digit of 1740542810?
1
What is the ten millions digit of 855475387?
5
What is the hundred thousands digit of 3258131528?
1
What is the thousands digit of 1771668319?
8
What is the tens digit of 70588364?
6
What is the tens digit of 122359573?
7
What is the millions digit of 6445287951?
5
What is the millions digit of 385948669?
5
What is the hundreds digit of 170129468?
4
What is the ten thousands digit of 69697?
6
What is the millions digit of 116342698?
6
What is the hundred millions digit of 377550819?
3
What is the ten thousands digit of 172566376?
6
What is the thousands digit of 732158846?
8
What is the ten thousands digit of 245929330?
2
What is the hundred millions digit of 1435751527?
4
What is the hundred millions digit of 114960374?
1
What is the ten thousands digit of 49812173?
1
What is the hundreds digit of 375165408?
4
What is the hundred thousands digit of 946748233?
7
What is the units digit of 20442641?
1
What is the thousands digit of 7157567?
7
What is the ten thousands digit of 55141459?
4
What is the hundred thousands digit of 334887822?
8
What is the hundred millions digit of 627266889?
6
What is the thousands digit of 5434607678?
7
What is the units digit of 54396104?
4
What is the thousands digit of 532698958?
8
What is the thousands digit of 931340202?
0
What is the thousands digit of 3644721734?
1
What is the ten millions digit of 1853475974?
5
What is the units digit of 11814581?
1
What is the hundred millions digit of 583225279?
5
What is the thousands digit of 40182909?
2
What is the ten thousands digit of 77265087?
6
What is the units digit of 256236823?
3
What is the tens digit of 316109475?
7
What is the units digit of 90034743?
3
What is the hundred millions digit of 1286372265?
2
What is the thousands digit of 26573074?
3
What is the ten thousands digit of 151890636?
9
What is the thousands digit of 1132069352?
9
What is the hundred millions digit of 271734233?
2
What is the tens digit of 11741482?
8
What is the ten millions digit of 74932648?
7
What is the hundred thousands digit of 135692521?
6
What is the ten millions digit of 2303376782?
0
What is the ten thousands digit of 656050741?
5
What is the hundreds digit of 51018820?
8
What is the ten thousands digit of 44807614?
0
What is the tens digit of 728658138?
3
What is the ten thousands digit of 946513110?
1
What is the thousands digit of 1798757973?
7
What is the tens digit of 37089412?
1
What is the tens digit of 1082205529?
2
What is the millions digit of 2319748?
2
What is the units digit of 924982874?
4
What is the hundreds digit of 97640726?
7
What is the units digit of 100792425?
5
What is the billions digit of 1361873662?
1
What is the units digit of 345169717?
7
What is the hundred millions digit of 7314678592?
3
What is the hundred thousands digit of 1220797338?
7
What is the thousands digit of 115262948?
2
What is the ten thousands digit of 3579132526?
3
What is the hundred thousands digit of 843291600?
2
What is the ten thousands digit of 24285943?
8
What is the billions digit of 4246311401?
4
What is the units digit of 9596087?
7
What is the hundred millions digit of 559479310?
5
What is the millions digit of 1997371481?
7
What is the hundred millions digit of 2800512681?
8
What is the tens digit of 64586843?
4
What is the ten thousands digit of 538274421?
7
What is the hundred thousands digit of 43577582?
5
What is the hundred millions digit of 203611011?
2
What is the tens digit of 14157902?
0
What is the hundreds digit of 721082770?
7
What is the tens digit of 65723445?
4
What is the hundred thousands digit of 396307343?
3
What is the millions digit of 7853470994?
3
What is the tens digit of 234471764?
6
What is the hundred millions digit of 133426088?
1
What is the ten millions digit of 153586544?
5
What is the hundred millions digit of 448521360?
4
What is the hundred thousands digit of 5318249?
3
What is the units digit of 62930345?
5
What is the hundred millions digit of 4385207515?
3
What is the hundred thousands digit of 1082743757?
7
What is the hundred millions digit of 140283695?
1
What is the ten millions digit of 36767655?
3
What is the hundred millions digit of 423703150?
4
What is the hundred millions digit of 168999172?
1
What is the ten thousands digit of 816450429?
5
What is the hundred thousands digit of 398919069?
9
What is the ten millions digit of 95073892?
9
What is the hundreds digit of 1355424108?
1
What is the ten thousands digit of 787624730?
2
What is the hundred thousands digit of 350298476?
2
What is the ten millions digit of 49310176?
4
What is the tens digit of 715243750?
5
What is the hundreds digit of 37106799?
7
What is the units digit of 286981809?
9
What is the ten millions digit of 3650433378?
5
What is the hundred thousands digit of 169719517?
7
What is the hundred thousands digit of 71096932?
0
What is the tens digit of 94586738?
3
What is the thousands digit of 31180886?
0
What is the hundred millions digit of 568760597?
5
What is the ten millions digit of 574864488?
7
What is the hundreds digit of 31179997?
9
What is the millions digit of 220937050?
0
What is the hundred thousands digit of 151588151?
5
What is the units digit of 1143302652?
2
What is the hundred thousands digit of 178417301?
4
What is the hundred thousands digit of 2219424768?
4
What is the hundreds digit of 5373680918?
9
What is the ten thousands digit of 65360825?
6
What is the thousands digit of 433657009?
7
What is the ten thousands digit of 2980234961?
3
What is the hundred thousands digit of 961617080?
6
What is the tens digit of 3868749851?
5
What is the hundred thousands digit of 8722895?
7
What is the ten thousands digit of 906650735?
5
What is the ten millions digit of 369846933?
6
What is the ten millions digit of 20768034?
2
What is the units digit of 3364306?
6
What is the tens digit of 2156051508?
0
Wha